{"id":1091,"date":"2012-04-15T11:56:48","date_gmt":"2012-04-15T09:56:48","guid":{"rendered":"http:\/\/ww2.alpenflugzentrum.de\/wordpress\/?page_id=1091"},"modified":"2014-12-31T16:50:34","modified_gmt":"2014-12-31T15:50:34","slug":"kurt-toepfer","status":"publish","type":"page","link":"https:\/\/www.alpenflugzentrum.de\/wordpress\/?page_id=1091","title":{"rendered":"Kurt Toepfer"},"content":{"rendered":"<p><a href=\"https:\/\/www.alpenflugzentrum.de\/wordpress\/wp-content\/uploads\/2012\/04\/kurt.png\"><img loading=\"lazy\" decoding=\"async\" class=\"alignleft size-full wp-image-1089\" title=\"KurtToepfer L\" src=\"https:\/\/www.alpenflugzentrum.de\/wordpress\/wp-content\/uploads\/2012\/04\/kurt.png\" alt=\"\" width=\"150\" height=\"150\" \/><\/a><\/p>\n<p style=\"margin-top: 111px;\">Geb. 1948, Wohnort: Schlossberg<br \/>\nE-Mail: KurtToepfer [at] T-Online [dot] de<\/p>\n<table class=\"afz\">\n<tbody>\n<tr>\n<td><em>PPL C seit:<\/em><\/td>\n<td>1966<\/td>\n<\/tr>\n<tr>\n<td><em>Flugstunden:<\/em><\/td>\n<td>450 h<\/td>\n<\/tr>\n<tr>\n<td><em>Gr\u00f6\u00dfte Strecke:<\/em><\/td>\n<td><a href=\"https:\/\/www.onlinecontest.org\/olc-2.0\/gliding\/flightinfo.html?dsId=2973933\">1121 km<\/a><\/td>\n<\/tr>\n<tr>\n<td><em>OLC-Fl\u00fcge:<\/em><\/td>\n<td><a href=\"https:\/\/www.onlinecontest.org\/olc-2.0\/gliding\/flightbook.html?sp=2015&#038;st=olcp&#038;rt=olc&#038;pi=14586\" target=\"_blank\">2015<\/a><\/td>\n<td><a href=\"https:\/\/www.onlinecontest.org\/olc-2.0\/gliding\/flightbook.html?sp=2014&#038;st=olcp&#038;rt=olc&#038;pi=14586\" target=\"_blank\">2014<\/a><\/td>\n<td><a href=\"https:\/\/www.onlinecontest.org\/olc-2.0\/gliding\/flightbook.html?sp=2013&#038;st=olcp&#038;rt=olc&#038;pi=14586\" target=\"_blank\">2013<\/a><\/td>\n<td><a href=\"https:\/\/www.onlinecontest.org\/olc-2.0\/gliding\/flightbook.html?sp=2012&#038;st=olcp&#038;rt=olc&#038;pi=14586\" target=\"_blank\">2012<\/a><\/td>\n<td><a href=\"https:\/\/www.onlinecontest.org\/olc-2.0\/gliding\/flightbook.html?sp=2011&#038;st=olcp&#038;rt=olc&#038;pi=14586\" target=\"_blank\">2011<\/a><\/td>\n<td><a href=\"https:\/\/www.onlinecontest.org\/olc-2.0\/gliding\/flightbook.html?sp=2010&#038;st=olcp&#038;rt=olc&#038;pi=14586\" target=\"_blank\">2010<\/a><\/td>\n<\/tr>\n<tr>\n<td><\/td>\n<td><a href=\"https:\/\/www.onlinecontest.org\/olc-2.0\/gliding\/flightbook.html?sp=2009&#038;st=olcp&#038;rt=olc&#038;pi=14586\" target=\"_blank\">2009<\/a><\/td>\n<td><a href=\"https:\/\/www.onlinecontest.org\/olc-2.0\/gliding\/flightbook.html?sp=2008&#038;st=olcp&#038;rt=olc&#038;pi=14586\" target=\"_blank\">2008<\/a><\/td>\n<td><a href=\"https:\/\/www.onlinecontest.org\/olc-2.0\/gliding\/flightbook.html?sp=2007&#038;st=olcp&#038;rt=olc&#038;pi=14586\" target=\"_blank\">2007<\/a><\/td>\n<td><a href=\"https:\/\/www.onlinecontest.org\/olcphp\/2006\/ausw_wertung.php?olc=olc-i&amp;spr=de&amp;ein_name=14586\" target=\"_blank\">2006<\/a><\/td>\n<td><a href=\"https:\/\/www.onlinecontest.org\/olcphp\/2005\/ausw_wertung.php?olc=olc-i&amp;spr=de&amp;ein_name=14586\" target=\"_blank\">2005<\/a><\/td>\n<td><a href=\"https:\/\/www.onlinecontest.org\/olcphp\/2004\/ausw_wertung.php?olc=olc-i&amp;spr=de&amp;ein_name=14586\" target=\"_blank\">2004<\/a><\/td>\n<\/tr>\n<tr>\n<td><\/td>\n<\/tr>\n<tr>\n<td><em>Flugzeug(e):<\/em><\/td>\n<\/tr>\n<tr>\n<td>Ventus 2cT\/18m<\/td>\n<td>D-KKJT<\/td>\n<\/tr>\n<\/tbody>\n<\/table>\n<dl>\n<dt>Fliegerische Vorlieben, St\u00e4rken, Schw\u00e4chen<\/dt>\n<dd>Ich habe mein Hobby zu meinem Beruf gemacht, und meine Schw\u00e4che besteht darin, da\u00df ich nicht wei\u00df, wann ich damit aufh\u00f6ren kann\/muss. Meinen Spagat zwischen Fliegerei und Familie muss ich st\u00e4ndig \u00fcben.<\/p>\n<\/dd>\n<dt>Sch\u00f6nster Flug:<\/dt>\n<dd>Die sch\u00f6nsten Augenblicke sind die, wenn man von einem Langstrecken-Flug heimkommend via Bozen oder Graz oder Z\u00fcrich \u00fcber die Alpen nach M\u00fcnchen segelt. Es gibt keinen sch\u00f6neren Ort auf der Welt.<\/p>\n<\/dd>\n<dt>N\u00e4chstes Vorhaben\/Ziel:<\/dt>\n<dd>Im Segelflug gilt&#8217;s noch viel auszuloten, schau ma amoi\u2026<\/p>\n<\/dd>\n<\/dl>\n","protected":false},"excerpt":{"rendered":"<p>Geb. 1948, Wohnort: Schlossberg E-Mail: KurtToepfer [at] T-Online [dot] de PPL C seit: 1966 Flugstunden: 450 h Gr\u00f6\u00dfte Strecke: 1121 km OLC-Fl\u00fcge: 2015 2014 2013 2012 2011 2010 2009 2008 2007 2006 2005 2004 Flugzeug(e): Ventus 2cT\/18m D-KKJT Fliegerische Vorlieben, St\u00e4rken, Schw\u00e4chen Ich habe mein Hobby zu meinem Beruf gemacht, und meine Schw\u00e4che besteht darin, &hellip; <a href=\"https:\/\/www.alpenflugzentrum.de\/wordpress\/?page_id=1091\" class=\"more-link\"><span class=\"screen-reader-text\">Kurt Toepfer<\/span> weiterlesen <span class=\"meta-nav\">&rarr;<\/span><\/a><\/p>\n","protected":false},"author":5,"featured_media":1089,"parent":0,"menu_order":0,"comment_status":"closed","ping_status":"closed","template":"","meta":{"footnotes":""},"class_list":["post-1091","page","type-page","status-publish","has-post-thumbnail","hentry"],"_links":{"self":[{"href":"https:\/\/www.alpenflugzentrum.de\/wordpress\/index.php?rest_route=\/wp\/v2\/pages\/1091","targetHints":{"allow":["GET"]}}],"collection":[{"href":"https:\/\/www.alpenflugzentrum.de\/wordpress\/index.php?rest_route=\/wp\/v2\/pages"}],"about":[{"href":"https:\/\/www.alpenflugzentrum.de\/wordpress\/index.php?rest_route=\/wp\/v2\/types\/page"}],"author":[{"embeddable":true,"href":"https:\/\/www.alpenflugzentrum.de\/wordpress\/index.php?rest_route=\/wp\/v2\/users\/5"}],"replies":[{"embeddable":true,"href":"https:\/\/www.alpenflugzentrum.de\/wordpress\/index.php?rest_route=%2Fwp%2Fv2%2Fcomments&post=1091"}],"version-history":[{"count":21,"href":"https:\/\/www.alpenflugzentrum.de\/wordpress\/index.php?rest_route=\/wp\/v2\/pages\/1091\/revisions"}],"predecessor-version":[{"id":2831,"href":"https:\/\/www.alpenflugzentrum.de\/wordpress\/index.php?rest_route=\/wp\/v2\/pages\/1091\/revisions\/2831"}],"wp:featuredmedia":[{"embeddable":true,"href":"https:\/\/www.alpenflugzentrum.de\/wordpress\/index.php?rest_route=\/wp\/v2\/media\/1089"}],"wp:attachment":[{"href":"https:\/\/www.alpenflugzentrum.de\/wordpress\/index.php?rest_route=%2Fwp%2Fv2%2Fmedia&parent=1091"}],"curies":[{"name":"wp","href":"https:\/\/api.w.org\/{rel}","templated":true}]}}