{"id":2288,"date":"2013-11-23T02:08:35","date_gmt":"2013-11-23T01:08:35","guid":{"rendered":"http:\/\/ww2.alpenflugzentrum.de\/wordpress\/?page_id=2288"},"modified":"2020-07-20T22:36:36","modified_gmt":"2020-07-20T20:36:36","slug":"ausschreibung-flachlandpokal-2014","status":"publish","type":"page","link":"https:\/\/www.alpenflugzentrum.de\/wordpress\/?page_id=2288","title":{"rendered":"Ausschreibung Flachlandpokal"},"content":{"rendered":"<p>&nbsp;<\/p>\n<p>Um auch Fl\u00fcge au\u00dferhalb der Alpen im Flachland zu f\u00f6rdern, vergibt das Alpenflugzentrum Unterw\u00f6ssen e.V. j\u00e4hrlich einen Wanderpokal f\u00fcr die Gr\u00f6\u00dfte von Unterw\u00f6ssen aus im Flachland geflogene Strecke. Teilnahmeberechtigt sind alle SegelfliegerInnen, egal welcher Nationalit\u00e4t oder welchem Club sie angeh\u00f6ren. Gewertet werden Fl\u00fcge, bei denen mindestens 70% des Streckenanteils im Flachland n\u00f6rdlich einer Linie Flugplatz Friedrichshafen \u2013 Flugplatz V\u00f6ltendorf und somit \u00fcberwiegend n\u00f6rdlich des Chiemsees erflogen wurde. Ber\u00fccksichtigt werden nur Fl\u00fcge mit Startort Flugplatz Unterw\u00f6ssen und die f\u00fcr den OLC gemeldet wurden, Wertungszeitraum und Melderegeln entsprechen dabei dem OLC-Plus.<\/p>\n<p>Gewertet wird die geflogene Gesamtstrecke mit 1 Punkt je Kilometer, bereinigt um den aktuell g\u00fcltigen Flugzeugindex gem\u00e4\u00df OLC.<\/p>\n<p>Die Siegerehrung erfolgt im Rahmen der Saisonabschlussfeier der Alpenflugzentrums Unterw\u00f6ssen.<\/p>\n<p>&nbsp;<\/p>\n<p><em>Wertungsgebiet:<a href=\"https:\/\/www.alpenflugzentrum.de\/wordpress\/wp-content\/uploads\/2013\/11\/Flachlandpokal.jpg\"><img loading=\"lazy\" decoding=\"async\" class=\"alignleft size-large wp-image-2287\" alt=\"Flachlandpokal\" src=\"https:\/\/www.alpenflugzentrum.de\/wordpress\/wp-content\/uploads\/2013\/11\/Flachlandpokal-1024x596.jpg\" width=\"640\" height=\"372\" srcset=\"https:\/\/www.alpenflugzentrum.de\/wordpress\/wp-content\/uploads\/2013\/11\/Flachlandpokal-1024x596.jpg 1024w, https:\/\/www.alpenflugzentrum.de\/wordpress\/wp-content\/uploads\/2013\/11\/Flachlandpokal-300x174.jpg 300w, https:\/\/www.alpenflugzentrum.de\/wordpress\/wp-content\/uploads\/2013\/11\/Flachlandpokal.jpg 1462w\" sizes=\"auto, (max-width: 640px) 100vw, 640px\" \/><\/a><\/em><\/p>\n<p><strong>Die bisherigen Gewinner waren:<\/strong><\/p>\n<table rules=\"none\" style=\"font-size: 14px;\">\n<tbody>\n<tr>\n<td>2018<\/td>\n<td>Roland Henz<\/td>\n<td><\/td>\n<\/tr>\n<tr>\n<td>2017<\/td>\n<td>Claus Neuffer<\/td>\n<td><\/td>\n<\/tr>\n<tr>\n<td>2016<\/td>\n<td>Philipp Stahl<\/td>\n<td><\/td>\n<\/tr>\n<tr>\n<td>2015<\/td>\n<td>Philipp Stahl<\/td>\n<td><\/td>\n<\/tr>\n<tr>\n<td>2014<\/td>\n<td>Kurt T\u00f6pfer<\/td>\n<td><\/td>\n<\/tr>\n<tr>\n<td>2013<\/td>\n<td>Roland Henz<\/td>\n<td><\/td>\n<\/tr>\n<tr>\n<td>2012<\/td>\n<td>Roland Henz<\/td>\n<td><\/td>\n<\/tr>\n<tr><\/tr>\n<\/tbody>\n<\/table>\n<h2< h2=\"\"><\/h2<>\n","protected":false},"excerpt":{"rendered":"<p>&nbsp; Um auch Fl\u00fcge au\u00dferhalb der Alpen im Flachland zu f\u00f6rdern, vergibt das Alpenflugzentrum Unterw\u00f6ssen e.V. j\u00e4hrlich einen Wanderpokal f\u00fcr die Gr\u00f6\u00dfte von Unterw\u00f6ssen aus im Flachland geflogene Strecke. Teilnahmeberechtigt sind alle SegelfliegerInnen, egal welcher Nationalit\u00e4t oder welchem Club sie angeh\u00f6ren. Gewertet werden Fl\u00fcge, bei denen mindestens 70% des Streckenanteils im Flachland n\u00f6rdlich einer Linie &hellip; <a href=\"https:\/\/www.alpenflugzentrum.de\/wordpress\/?page_id=2288\" class=\"more-link\"><span class=\"screen-reader-text\">Ausschreibung Flachlandpokal<\/span> weiterlesen <span class=\"meta-nav\">&rarr;<\/span><\/a><\/p>\n","protected":false},"author":5,"featured_media":0,"parent":0,"menu_order":0,"comment_status":"closed","ping_status":"closed","template":"","meta":{"footnotes":""},"class_list":["post-2288","page","type-page","status-publish","hentry"],"_links":{"self":[{"href":"https:\/\/www.alpenflugzentrum.de\/wordpress\/index.php?rest_route=\/wp\/v2\/pages\/2288","targetHints":{"allow":["GET"]}}],"collection":[{"href":"https:\/\/www.alpenflugzentrum.de\/wordpress\/index.php?rest_route=\/wp\/v2\/pages"}],"about":[{"href":"https:\/\/www.alpenflugzentrum.de\/wordpress\/index.php?rest_route=\/wp\/v2\/types\/page"}],"author":[{"embeddable":true,"href":"https:\/\/www.alpenflugzentrum.de\/wordpress\/index.php?rest_route=\/wp\/v2\/users\/5"}],"replies":[{"embeddable":true,"href":"https:\/\/www.alpenflugzentrum.de\/wordpress\/index.php?rest_route=%2Fwp%2Fv2%2Fcomments&post=2288"}],"version-history":[{"count":15,"href":"https:\/\/www.alpenflugzentrum.de\/wordpress\/index.php?rest_route=\/wp\/v2\/pages\/2288\/revisions"}],"predecessor-version":[{"id":5422,"href":"https:\/\/www.alpenflugzentrum.de\/wordpress\/index.php?rest_route=\/wp\/v2\/pages\/2288\/revisions\/5422"}],"wp:attachment":[{"href":"https:\/\/www.alpenflugzentrum.de\/wordpress\/index.php?rest_route=%2Fwp%2Fv2%2Fmedia&parent=2288"}],"curies":[{"name":"wp","href":"https:\/\/api.w.org\/{rel}","templated":true}]}}