{"id":2934,"date":"2015-02-01T19:30:05","date_gmt":"2015-02-01T18:30:05","guid":{"rendered":"http:\/\/ww2.alpenflugzentrum.de\/wordpress\/?page_id=2934"},"modified":"2015-02-01T22:04:15","modified_gmt":"2015-02-01T21:04:15","slug":"christian-gerritzen","status":"publish","type":"page","link":"https:\/\/www.alpenflugzentrum.de\/wordpress\/?page_id=2934","title":{"rendered":"Christian Gerritzen"},"content":{"rendered":"<p><a href=\"wp-content\/uploads\/2015\/02\/ChristianG.jpg\"><img loading=\"lazy\" decoding=\"async\" src=\"wp-content\/uploads\/2015\/02\/ChristianG_L.jpg\" alt=\"\" title=\"Christian Gerritzen L\" width=\"150\" height=\"150\" class=\"alignleft size-full wp-image-609\" \/><\/a><\/p>\n<p style=\"margin-top: 115px;\"> Geb. 1993, Wohnort: Wonneberg (Landkreis Traunstein)<br \/>\nE-Mail:\u00a0<a href=\"mailto:christian.gerritzen@hotmail.de\">christian.gerritzen@hotmail.de<\/a><\/p>\n<table class=\"afz\">\n<tbody>\n<tr>\n<td><em>SPL seit:<\/em><\/td>\n<td>2014<\/td>\n<\/tr>\n<tr>\n<td><em>Flugstunden:<\/em><\/td>\n<td>12 h<\/td>\n<\/tr>\n<tr>\n<td><em>Gr\u00f6\u00dfte Strecke:<\/em><\/td>\n<td><a href=\"https:\/\/www.onlinecontest.org\/olc-2.0\/gliding\/flightinfo.html?flightId=447190808\" target=\"_blank\">360 km<\/a><\/td>\n<\/tr>\n<tr>\n<td><em>OLC-Fl\u00fcge:<\/em><\/td>\n<td><a href=\"https:\/\/www.onlinecontest.org\/olc-2.0\/gliding\/getScoring.html?scoringId=200&amp;pilotId=44522&amp;scoringPeriod=2015\" target=\"blank\">2015<\/a><\/td>\n<td><a href=\"https:\/\/www.onlinecontest.org\/olc-2.0\/gliding\/getScoring.html?scoringId=200&amp;pilotId=44522&amp;scoringPeriod=2014\" target=\"blank\">2014<\/a><\/td>\n<\/tr>\n<tr>\n<td><\/td>\n<\/tr>\n<tr>\n<td><em>Flugzeug(e):<\/em><\/td>\n<\/tr>\n<tr>\n<td>Grob Twin Astir (HC)<\/td>\n<td><a href=\"wp-content\/uploads\/2015\/02\/D-7484.jpg\" target=\"blank\">D-7484<\/a><\/td>\n<\/tr>\n<\/tbody>\n<\/table>\n<p>&nbsp;<\/p>\n<dl>\n<dt>Fliegerische Vorlieben, St\u00e4rken, Schw\u00e4chen<\/dt>\n<dd>Gelernt habe ich das Segelfliegen im M\u00fcnsterland und bin durch den Umzug 2012 zum Alpen-Segelfliegen gekommen, eine ganz neue Welt. Am Anfang war es f\u00fcr mich sehr ungewohnt so nah an den Berg heranzufliegen, vor allem der Queranflug in Unterw\u00f6ssen war anfangs eine \u00dcberwindung. Mittlerweile f\u00fchle ich mich aber dabei recht wohl und so hat das Flachland keine Chance bei den Eindr\u00fccken mitzuhalten.<\/p>\n<p>Meine Vorliebe ist das doppelsitzige Fliegen, da man sich so die Aufgaben teilen kann und somit beide noch mehr vom Fliegen haben.<br \/>\nAls meine St\u00e4rke sehe ich das Fliegen aus dem Bauch heraus, ohne gro\u00dfartige lange \u00dcberlegungen zu machen, au\u00dfer \u00fcber die Sicherheit nat\u00fcrlich!<br \/>\nMeine Schw\u00e4che, als urspr\u00fcnglicher Flachlandflieger, sehe ich noch in dem Thermik-Riechen bzw. im Verstehen der relativ komplexen (Tal-)Windsysteme in den Alpen. Das sollte aber mit der Zeit und Erfahrung kommen, denke ich.<\/dd>\n<dt>Sch\u00f6nster Flug:<\/dt>\n<dd>Mein sch\u00f6nster Flug bisher war mein 100km Streckenflug mit Jan. Da konnte ich erstmals <a href=\"wp-content\/uploads\/2015\/02\/Streckenflug-2.jpg\" target=\"blank\">&#8222;hinter die Fassaden&#8220; (Rechenberg, Loferer Steinberge,&#8230;) schauen.<\/a><br \/>\nSo konnten wir f\u00fcr eine ASK21 relativ schnell unseren ersten Wendepunkt, den Grimming, erreichen, wo wir sogar einen 60 Minuten-Schnitt von 120 km\/h hatten.<br \/>\nZur zweiten Wende ging es dann zum Gerlospass, wo ich das erstemal die magische 3000m-Marke \u00fcberschritten habe. <a href=\"wp-content\/uploads\/2015\/02\/Streckenflug3.jpg\" target=\"_blank\">Das Panorama mit den noch im Mai schneebedeckten Berggipfeln war ein Traum.<\/a> Von dort ging es dann zum Wilden Kaiser wo wir  dann den Endanfllug-Bart gefunden haben um von dort mit einer kleinen Abk\u00fcrzung (Ellmauer Tor) mit 200km\/h zur\u00fcck nach Unterw\u00f6ssen zu fliegen. So waren es am Ende 362km in 4:14 Std. und einem Schnitt von 85,4 km\/h ein f\u00fcr mich unvergesslicher und schneller Flug (f\u00fcr eine ASK21).<\/dd>\n<dt>N\u00e4chstes Vorhaben\/Ziel:<\/dt>\n<dd>Im M\u00e4rz 2015 geht es f\u00fcr meinen Papa und mich mit unserem Twin zum Segelfliegen nach Sondrio, Italien, wo wir unser Stunden- und Kilometer-Konto etwas aufbessern wollen und einfach jedemenge Spa\u00df mit unserem Flugzeug haben wollen.<br \/>\nIm Sommer ist geplant an einem &#8222;Spa\u00df-Wettbewerb&#8220;, den Niederrhein-Meisterschaften in Grefrath und am Streckenfluglehrgang in Unterw\u00f6ssen teilzunhemen.<br \/>\nSo will ich 2015 (meine erste komplette Schein-Inhaber Saison) viele neue Erfahrungen machen und den ein oder anderen sch\u00f6nen Flug in den OLC hochladen.<\/dd>\n<\/dl>\n","protected":false},"excerpt":{"rendered":"<p>Geb. 1993, Wohnort: Wonneberg (Landkreis Traunstein) E-Mail:\u00a0christian.gerritzen@hotmail.de SPL seit: 2014 Flugstunden: 12 h Gr\u00f6\u00dfte Strecke: 360 km OLC-Fl\u00fcge: 2015 2014 Flugzeug(e): Grob Twin Astir (HC) D-7484 &nbsp; Fliegerische Vorlieben, St\u00e4rken, Schw\u00e4chen Gelernt habe ich das Segelfliegen im M\u00fcnsterland und bin durch den Umzug 2012 zum Alpen-Segelfliegen gekommen, eine ganz neue Welt. Am Anfang war es &hellip; <a href=\"https:\/\/www.alpenflugzentrum.de\/wordpress\/?page_id=2934\" class=\"more-link\"><span class=\"screen-reader-text\">Christian Gerritzen<\/span> weiterlesen <span class=\"meta-nav\">&rarr;<\/span><\/a><\/p>\n","protected":false},"author":5,"featured_media":0,"parent":0,"menu_order":0,"comment_status":"closed","ping_status":"closed","template":"","meta":{"footnotes":""},"class_list":["post-2934","page","type-page","status-publish","hentry"],"_links":{"self":[{"href":"https:\/\/www.alpenflugzentrum.de\/wordpress\/index.php?rest_route=\/wp\/v2\/pages\/2934","targetHints":{"allow":["GET"]}}],"collection":[{"href":"https:\/\/www.alpenflugzentrum.de\/wordpress\/index.php?rest_route=\/wp\/v2\/pages"}],"about":[{"href":"https:\/\/www.alpenflugzentrum.de\/wordpress\/index.php?rest_route=\/wp\/v2\/types\/page"}],"author":[{"embeddable":true,"href":"https:\/\/www.alpenflugzentrum.de\/wordpress\/index.php?rest_route=\/wp\/v2\/users\/5"}],"replies":[{"embeddable":true,"href":"https:\/\/www.alpenflugzentrum.de\/wordpress\/index.php?rest_route=%2Fwp%2Fv2%2Fcomments&post=2934"}],"version-history":[{"count":18,"href":"https:\/\/www.alpenflugzentrum.de\/wordpress\/index.php?rest_route=\/wp\/v2\/pages\/2934\/revisions"}],"predecessor-version":[{"id":2960,"href":"https:\/\/www.alpenflugzentrum.de\/wordpress\/index.php?rest_route=\/wp\/v2\/pages\/2934\/revisions\/2960"}],"wp:attachment":[{"href":"https:\/\/www.alpenflugzentrum.de\/wordpress\/index.php?rest_route=%2Fwp%2Fv2%2Fmedia&parent=2934"}],"curies":[{"name":"wp","href":"https:\/\/api.w.org\/{rel}","templated":true}]}}

<p><a href="wp-content/uploads/2015/02/ChristianG.jpg"><img loading="lazy" decoding="async" src="wp-content/uploads/2015/02/ChristianG_L.jpg" alt="" title="Christian Gerritzen L" width="150" height="150" class="alignleft size-full wp-image-609" /></a></p>
<p style="margin-top: 115px;"> Geb. 1993, Wohnort: Wonneberg (Landkreis Traunstein)<br />
E-Mail: <a href="mailto:christian.gerritzen@hotmail.de">christian.gerritzen@hotmail.de</a></p>
<table class="afz">
<tbody>
<tr>
<td><em>SPL seit:</em></td>
<td>2014</td>
</tr>
<tr>
<td><em>Flugstunden:</em></td>
<td>12 h</td>
</tr>
<tr>
<td><em>Größte Strecke:</em></td>
<td><a href="https://www.onlinecontest.org/olc-2.0/gliding/flightinfo.html?flightId=447190808" target="_blank">360 km</a></td>
</tr>
<tr>
<td><em>OLC-Flüge:</em></td>
<td><a href="https://www.onlinecontest.org/olc-2.0/gliding/getScoring.html?scoringId=200&amp;pilotId=44522&amp;scoringPeriod=2015" target="blank">2015</a></td>
<td><a href="https://www.onlinecontest.org/olc-2.0/gliding/getScoring.html?scoringId=200&amp;pilotId=44522&amp;scoringPeriod=2014" target="blank">2014</a></td>
</tr>
<tr>
<td></td>
</tr>
<tr>
<td><em>Flugzeug(e):</em></td>
</tr>
<tr>
<td>Grob Twin Astir (HC)</td>
<td><a href="wp-content/uploads/2015/02/D-7484.jpg" target="blank">D-7484</a></td>
</tr>
</tbody>
</table>
<p>&nbsp;</p>
<dl>
<dt>Fliegerische Vorlieben, Stärken, Schwächen</dt>
<dd>Gelernt habe ich das Segelfliegen im Münsterland und bin durch den Umzug 2012 zum Alpen-Segelfliegen gekommen, eine ganz neue Welt. Am Anfang war es für mich sehr ungewohnt so nah an den Berg heranzufliegen, vor allem der Queranflug in Unterwössen war anfangs eine Überwindung. Mittlerweile fühle ich mich aber dabei recht wohl und so hat das Flachland keine Chance bei den Eindrücken mitzuhalten.</p>
<p>Meine Vorliebe ist das doppelsitzige Fliegen, da man sich so die Aufgaben teilen kann und somit beide noch mehr vom Fliegen haben.<br />
Als meine Stärke sehe ich das Fliegen aus dem Bauch heraus, ohne großartige lange Überlegungen zu machen, außer über die Sicherheit natürlich!<br />
Meine Schwäche, als ursprünglicher Flachlandflieger, sehe ich noch in dem Thermik-Riechen bzw. im Verstehen der relativ komplexen (Tal-)Windsysteme in den Alpen. Das sollte aber mit der Zeit und Erfahrung kommen, denke ich.</dd>
<dt>Schönster Flug:</dt>
<dd>Mein schönster Flug bisher war mein 100km Streckenflug mit Jan. Da konnte ich erstmals <a href="wp-content/uploads/2015/02/Streckenflug-2.jpg" target="blank">&#8222;hinter die Fassaden&#8220; (Rechenberg, Loferer Steinberge,&#8230;) schauen.</a><br />
So konnten wir für eine ASK21 relativ schnell unseren ersten Wendepunkt, den Grimming, erreichen, wo wir sogar einen 60 Minuten-Schnitt von 120 km/h hatten.<br />
Zur zweiten Wende ging es dann zum Gerlospass, wo ich das erstemal die magische 3000m-Marke überschritten habe. <a href="wp-content/uploads/2015/02/Streckenflug3.jpg" target="_blank">Das Panorama mit den noch im Mai schneebedeckten Berggipfeln war ein Traum.</a> Von dort ging es dann zum Wilden Kaiser wo wir  dann den Endanfllug-Bart gefunden haben um von dort mit einer kleinen Abkürzung (Ellmauer Tor) mit 200km/h zurück nach Unterwössen zu fliegen. So waren es am Ende 362km in 4:14 Std. und einem Schnitt von 85,4 km/h ein für mich unvergesslicher und schneller Flug (für eine ASK21).</dd>
<dt>Nächstes Vorhaben/Ziel:</dt>
<dd>Im März 2015 geht es für meinen Papa und mich mit unserem Twin zum Segelfliegen nach Sondrio, Italien, wo wir unser Stunden- und Kilometer-Konto etwas aufbessern wollen und einfach jedemenge Spaß mit unserem Flugzeug haben wollen.<br />
Im Sommer ist geplant an einem &#8222;Spaß-Wettbewerb&#8220;, den Niederrhein-Meisterschaften in Grefrath und am Streckenfluglehrgang in Unterwössen teilzunhemen.<br />
So will ich 2015 (meine erste komplette Schein-Inhaber Saison) viele neue Erfahrungen machen und den ein oder anderen schönen Flug in den OLC hochladen.</dd>
</dl>

<p>Geb. 1993, Wohnort: Wonneberg (Landkreis Traunstein) E-Mail: christian.gerritzen@hotmail.de SPL seit: 2014 Flugstunden: 12 h Größte Strecke: 360 km OLC-Flüge: 2015 2014 Flugzeug(e): Grob Twin Astir (HC) D-7484 &nbsp; Fliegerische Vorlieben, Stärken, Schwächen Gelernt habe ich das Segelfliegen im Münsterland und bin durch den Umzug 2012 zum Alpen-Segelfliegen gekommen, eine ganz neue Welt. Am Anfang war es &hellip; <a href="https://www.alpenflugzentrum.de/wordpress/?page_id=2934" class="more-link"><span class="screen-reader-text">Christian Gerritzen</span> weiterlesen <span class="meta-nav">&rarr;</span></a></p>
