{"id":3193,"date":"2015-07-07T23:03:21","date_gmt":"2015-07-07T21:03:21","guid":{"rendered":"http:\/\/ww2.alpenflugzentrum.de\/wordpress\/?page_id=3193"},"modified":"2015-07-09T22:36:04","modified_gmt":"2015-07-09T20:36:04","slug":"stefan-gorkenant","status":"publish","type":"page","link":"https:\/\/www.alpenflugzentrum.de\/wordpress\/?page_id=3193","title":{"rendered":"Stefan Gorkenant"},"content":{"rendered":"<p><a href=\"https:\/\/www.alpenflugzentrum.de\/wordpress\/wp-content\/uploads\/2015\/07\/DSC01266_DxO.jpg\"><img loading=\"lazy\" decoding=\"async\" class=\"wp-image-3195 size-thumbnail alignleft\" src=\"https:\/\/www.alpenflugzentrum.de\/wordpress\/wp-content\/uploads\/2015\/07\/DSC01266_DxO-150x150.jpg\" alt=\"Stefan Gorkenant\" width=\"150\" height=\"150\" srcset=\"https:\/\/www.alpenflugzentrum.de\/wordpress\/wp-content\/uploads\/2015\/07\/DSC01266_DxO-150x150.jpg 150w, https:\/\/www.alpenflugzentrum.de\/wordpress\/wp-content\/uploads\/2015\/07\/DSC01266_DxO-300x300.jpg 300w, https:\/\/www.alpenflugzentrum.de\/wordpress\/wp-content\/uploads\/2015\/07\/DSC01266_DxO-1024x1024.jpg 1024w, https:\/\/www.alpenflugzentrum.de\/wordpress\/wp-content\/uploads\/2015\/07\/DSC01266_DxO.jpg 1695w\" sizes=\"auto, (max-width: 150px) 100vw, 150px\" \/><\/a><\/p>\n<p style=\"margin-top: 120px;\">Geb. 1966, Wohnort: M\u00fcnchen<br \/>\nE-Mail:\u00a0<a href=\"mailto:gorkenant@paratdruck.de\">gorkenant@paratdruck.de<\/a><\/p>\n<table class=\"afz\">\n<tbody>\n<tr>\n<td><em>SPL seit:<\/em><\/td>\n<td>2000<\/td>\n<\/tr>\n<tr>\n<td><em>Kunstflugschein seit:<\/em><\/td>\n<td>2004<\/td>\n<\/tr>\n<tr>\n<td><em>Flugstunden:<\/em><\/td>\n<td>900 h<\/td>\n<\/tr>\n<tr>\n<td><em>Gr\u00f6\u00dfte Strecke:<\/em><\/td>\n<td><a href=\"https:\/\/www.onlinecontest.org\/olc-2.0\/gliding\/flightinfo.html?flightId=-909033889\" target=\"_blank\">693 km<\/a><\/td>\n<\/tr>\n<tr>\n<td><em>OLC-Fl\u00fcge:<\/em><\/td>\n<td><a href=\"https:\/\/www.onlinecontest.org\/olc-2.0\/gliding\/getScoring.html?scoringId=200&amp;pilotId=9868&amp;scoringPeriod=2015\" target=\"blank\">2015<\/a><\/td>\n<td><a href=\"https:\/\/www.onlinecontest.org\/olc-2.0\/gliding\/getScoring.html?scoringId=200&amp;pilotId=9868&amp;scoringPeriod=2014\" target=\"blank\">2014<\/a><\/td>\n<td><a href=\"https:\/\/www.onlinecontest.org\/olc-2.0\/gliding\/getScoring.html?scoringId=200&amp;pilotId=9868&amp;scoringPeriod=2013\" target=\"blank\">2013<\/a><\/td>\n<td><a href=\"https:\/\/www.onlinecontest.org\/olc-2.0\/gliding\/getScoring.html?scoringId=200&amp;pilotId=9868&amp;scoringPeriod=2012\" target=\"blank\">2012<\/a><\/td>\n<td><a href=\"https:\/\/www.onlinecontest.org\/olc-2.0\/gliding\/getScoring.html?scoringId=200&amp;pilotId=9868&amp;scoringPeriod=2011\" target=\"blank\">2011<\/a><\/td>\n<td><a href=\"https:\/\/www.onlinecontest.org\/olc-2.0\/gliding\/getScoring.html?scoringId=200&amp;pilotId=9868&amp;scoringPeriod=2010\" target=\"blank\">2010<\/a><\/td>\n<\/tr>\n<tr>\n<td><\/td>\n<td><a href=\"https:\/\/www.onlinecontest.org\/olc-2.0\/gliding\/getScoring.html?scoringId=200&amp;pilotId=9868&amp;scoringPeriod=2009\" target=\"blank\">2009<\/a><\/td>\n<td><a href=\"https:\/\/www.onlinecontest.org\/olc-2.0\/gliding\/getScoring.html?scoringId=200&amp;pilotId=9868&amp;scoringPeriod=2008\" target=\"blank\">2008<\/a><\/td>\n<td><a href=\"https:\/\/www.onlinecontest.org\/olc-2.0\/gliding\/getScoring.html?scoringId=200&amp;pilotId=9868&amp;scoringPeriod=2007\" target=\"blank\">2007<\/a><\/td>\n<td><a href=\"https:\/\/www.onlinecontest.org\/olcphp\/2006\/ausw_wertung.php?olc=olc-i&amp;spr=de&amp;ein_name=9868\" target=\"_blank\">2006<\/a><\/td>\n<td><a href=\"https:\/\/www.onlinecontest.org\/olcphp\/2005\/ausw_wertung.php?olc=olc-i&amp;spr=de&amp;ein_name=9868\" target=\"_blank\">2005<\/a><\/td>\n<td><a href=\"https:\/\/www.onlinecontest.org\/olcphp\/2004\/ausw_wertung.php?olc=olc-i&amp;spr=de&amp;ein_name=9868\" target=\"_blank\">2004<\/a><\/td>\n<\/tr>\n<tr>\n<td><\/td>\n<\/tr>\n<tr>\n<td><em>Flugzeug:<\/em><\/td>\n<\/tr>\n<tr>\n<td>ASW 20L (WM)<\/td>\n<td>D-1270<\/td>\n<\/tr>\n<\/tbody>\n<\/table>\n<p>&nbsp;<\/p>\n<dl>\n<dt>Fliegerische Vorlieben, St\u00e4rken, Schw\u00e4chen<\/dt>\n<dd>Der Traum vom Fliegen wurde mir in die Wiege gelegt; durch meinen Vater, der am Flughafen in Riem Fluglotse und Inhaber einer CPL-Lizenz war, hatte ich zur Aviatik schon einen fr\u00fchen Bezug.\u00a0Oft sa\u00df ich in einer Cessna oder Piper und durfte das eine oder andere Mal auch selbst fliegen.<\/p>\n<p>Zur Motorfliegerei habe ich aber nicht wirklich einen Bezug aufbauen k\u00f6nnen, da zu teuer, zu laut und es fehlte mir der <b><i>Sport<\/i><\/b> zum Flugsport als Sportpilot&#8230; \ud83d\ude09<br \/>\nNaja, bei der Segelfliegerei ist der Sport auch dann schon vorbei wenn ich den Flieger an den F-Schlepp geschoben habe und mir zufrieden eine Butterbretzel in mein Grinsen rein stecke, aber es ist nicht laut!<\/p>\n<p>Entspannung, die Natur f\u00fchlen, mit Ihr zu verschmelzen, die Gewalten erleben, 3D-Life einzuatmen, Tapetenwechsel, Kameradschaft, Technik, Selbstdisziplinierung, Teamwork, einmalige Momente, Romantik, Abenteuer, Freiheit, Wettkampf; diese Mischung aus alledem macht den Segelflugsport einmalig, darum fliege ich.<br \/>\nMir geht es nicht um km oder wie weit muss ich fliegen um am Abend gl\u00fccklich zu sein, es geht mir dabei darum die Natur zu sp\u00fcren und zu f\u00fchlen, ein Teil davon zu sein.<br \/>\nDie Freunde am Platz zu treffen, Gleichgesinnte, Spa\u00df zu haben und eine gute Zeit erleben &#8211; darum fliege ich.<\/p>\n<p>Was die Strecken betrifft, habe ich keinen Ehrgeiz. Ich glaube nicht, dass wenn ich weiter fliege als bei dem Flug davor, dass ich dann gl\u00fccklicher werde.<br \/>\nDie geflogene Distanz ist f\u00fcr mich kein Gradmesser meiner inneren Befindlichkeit und hat keinen Zusammenhang \u00fcber die Qualit\u00e4t des Fluges f\u00fcr mich.<\/p>\n<p>Meine Schw\u00e4chen: Im unbekannten Gel\u00e4nde wird meine Schnittgeschwindigkeit frustrierend klein, trotz MM-System. Und zu wenig Geduld wenn es mal knifflig wird.<\/dd>\n<\/dl>\n<dl>\n<dt>Sch\u00f6nster Flug:<\/dt>\n<dd>2006 bin ich an einem Freitagmittag nach Unterw\u00f6ssen gekommen, da am Samstag gutes Flugwetter vorausgesagt wurde, es regnete als ich ankam&#8230;<br \/>\nBin aber doch zum Platz und die ersten blauen L\u00f6cher zeigten sich am Himmel, da ich nichts Besseres zu tun hatte machte ich einen Discus klar und stellte mich an die Winde.<br \/>\nAls ich dann ausgeklinkt hatte zeigte sich eine kleine Kondenz direkt \u00fcber Oberw\u00f6ssen und ich bin hingeflogen.<br \/>\nTats\u00e4chlich konnte ich einsteigen und gewann an H\u00f6he die dann bis zum Rechenberg gereicht hatte. Dort angekommen hatte ich wieder einen kleinen Bart gefunden der mich auf eine H\u00f6he brachte die dann weiter zur H\u00f6rndlwand, Gurnwandkopf und Steinplatte gereicht hatte.<br \/>\nEs ging dann so weiter, Ulrichshorn, s\u00fcdlich am Wilden Kaiser vorbei, Inntalquerung zum Pendling  und dann \u00fcber dem Zahmen Kaiser wieder nach Unterw\u00f6ssen.<br \/>\nIch kam am Flugplatz an, der Flugbetrieb war eingestellt worden da wieder ein Schauer abgegangen war. Nach meiner Landung fragte mich J\u00f6rg verwundert wo ich gewesen sei,<br \/>\nsie h\u00e4tten sich schon auf einen R\u00fcckholer eingestellt, da Sie nicht mehr glaubten dass ich noch flog.<br \/>\nDer Flug blieb mir in Erinnerung da die Stimmungen die ich unterwegs erleben durfte sensationell waren. Da war das Wochenende schon perfekt.<br \/>\nLeider hatte ich keinen Logger an Bord, aber den Log im Kopf, den kann mir keiner nehmen \ud83d\ude09<\/dd>\n<\/dl>\n<dl>\n<dt>N\u00e4chstes Vorhaben bzw. Ziel:<\/dt>\n<dd>Meine n\u00e4chsten Ziele liegen im Westen Richtung Schweiz und einen Wandersegelflug wieder einmal zu machen.<\/dd>\n<\/dl>\n","protected":false},"excerpt":{"rendered":"<p>Geb. 1966, Wohnort: M\u00fcnchen E-Mail:\u00a0gorkenant@paratdruck.de SPL seit: 2000 Kunstflugschein seit: 2004 Flugstunden: 900 h Gr\u00f6\u00dfte Strecke: 693 km OLC-Fl\u00fcge: 2015 2014 2013 2012 2011 2010 2009 2008 2007 2006 2005 2004 Flugzeug: ASW 20L (WM) D-1270 &nbsp; Fliegerische Vorlieben, St\u00e4rken, Schw\u00e4chen Der Traum vom Fliegen wurde mir in die Wiege gelegt; durch meinen Vater, der &hellip; <a href=\"https:\/\/www.alpenflugzentrum.de\/wordpress\/?page_id=3193\" class=\"more-link\"><span class=\"screen-reader-text\">Stefan Gorkenant<\/span> weiterlesen <span class=\"meta-nav\">&rarr;<\/span><\/a><\/p>\n","protected":false},"author":5,"featured_media":0,"parent":0,"menu_order":0,"comment_status":"closed","ping_status":"closed","template":"","meta":{"footnotes":""},"class_list":["post-3193","page","type-page","status-publish","hentry"],"_links":{"self":[{"href":"https:\/\/www.alpenflugzentrum.de\/wordpress\/index.php?rest_route=\/wp\/v2\/pages\/3193","targetHints":{"allow":["GET"]}}],"collection":[{"href":"https:\/\/www.alpenflugzentrum.de\/wordpress\/index.php?rest_route=\/wp\/v2\/pages"}],"about":[{"href":"https:\/\/www.alpenflugzentrum.de\/wordpress\/index.php?rest_route=\/wp\/v2\/types\/page"}],"author":[{"embeddable":true,"href":"https:\/\/www.alpenflugzentrum.de\/wordpress\/index.php?rest_route=\/wp\/v2\/users\/5"}],"replies":[{"embeddable":true,"href":"https:\/\/www.alpenflugzentrum.de\/wordpress\/index.php?rest_route=%2Fwp%2Fv2%2Fcomments&post=3193"}],"version-history":[{"count":34,"href":"https:\/\/www.alpenflugzentrum.de\/wordpress\/index.php?rest_route=\/wp\/v2\/pages\/3193\/revisions"}],"predecessor-version":[{"id":3242,"href":"https:\/\/www.alpenflugzentrum.de\/wordpress\/index.php?rest_route=\/wp\/v2\/pages\/3193\/revisions\/3242"}],"wp:attachment":[{"href":"https:\/\/www.alpenflugzentrum.de\/wordpress\/index.php?rest_route=%2Fwp%2Fv2%2Fmedia&parent=3193"}],"curies":[{"name":"wp","href":"https:\/\/api.w.org\/{rel}","templated":true}]}}

<p><a href="https://www.alpenflugzentrum.de/wordpress/wp-content/uploads/2015/07/DSC01266_DxO.jpg"><img loading="lazy" decoding="async" class="wp-image-3195 size-thumbnail alignleft" src="https://www.alpenflugzentrum.de/wordpress/wp-content/uploads/2015/07/DSC01266_DxO-150x150.jpg" alt="Stefan Gorkenant" width="150" height="150" srcset="https://www.alpenflugzentrum.de/wordpress/wp-content/uploads/2015/07/DSC01266_DxO-150x150.jpg 150w, https://www.alpenflugzentrum.de/wordpress/wp-content/uploads/2015/07/DSC01266_DxO-300x300.jpg 300w, https://www.alpenflugzentrum.de/wordpress/wp-content/uploads/2015/07/DSC01266_DxO-1024x1024.jpg 1024w, https://www.alpenflugzentrum.de/wordpress/wp-content/uploads/2015/07/DSC01266_DxO.jpg 1695w" sizes="auto, (max-width: 150px) 100vw, 150px" /></a></p>
<p style="margin-top: 120px;">Geb. 1966, Wohnort: München<br />
E-Mail: <a href="mailto:gorkenant@paratdruck.de">gorkenant@paratdruck.de</a></p>
<table class="afz">
<tbody>
<tr>
<td><em>SPL seit:</em></td>
<td>2000</td>
</tr>
<tr>
<td><em>Kunstflugschein seit:</em></td>
<td>2004</td>
</tr>
<tr>
<td><em>Flugstunden:</em></td>
<td>900 h</td>
</tr>
<tr>
<td><em>Größte Strecke:</em></td>
<td><a href="https://www.onlinecontest.org/olc-2.0/gliding/flightinfo.html?flightId=-909033889" target="_blank">693 km</a></td>
</tr>
<tr>
<td><em>OLC-Flüge:</em></td>
<td><a href="https://www.onlinecontest.org/olc-2.0/gliding/getScoring.html?scoringId=200&amp;pilotId=9868&amp;scoringPeriod=2015" target="blank">2015</a></td>
<td><a href="https://www.onlinecontest.org/olc-2.0/gliding/getScoring.html?scoringId=200&amp;pilotId=9868&amp;scoringPeriod=2014" target="blank">2014</a></td>
<td><a href="https://www.onlinecontest.org/olc-2.0/gliding/getScoring.html?scoringId=200&amp;pilotId=9868&amp;scoringPeriod=2013" target="blank">2013</a></td>
<td><a href="https://www.onlinecontest.org/olc-2.0/gliding/getScoring.html?scoringId=200&amp;pilotId=9868&amp;scoringPeriod=2012" target="blank">2012</a></td>
<td><a href="https://www.onlinecontest.org/olc-2.0/gliding/getScoring.html?scoringId=200&amp;pilotId=9868&amp;scoringPeriod=2011" target="blank">2011</a></td>
<td><a href="https://www.onlinecontest.org/olc-2.0/gliding/getScoring.html?scoringId=200&amp;pilotId=9868&amp;scoringPeriod=2010" target="blank">2010</a></td>
</tr>
<tr>
<td></td>
<td><a href="https://www.onlinecontest.org/olc-2.0/gliding/getScoring.html?scoringId=200&amp;pilotId=9868&amp;scoringPeriod=2009" target="blank">2009</a></td>
<td><a href="https://www.onlinecontest.org/olc-2.0/gliding/getScoring.html?scoringId=200&amp;pilotId=9868&amp;scoringPeriod=2008" target="blank">2008</a></td>
<td><a href="https://www.onlinecontest.org/olc-2.0/gliding/getScoring.html?scoringId=200&amp;pilotId=9868&amp;scoringPeriod=2007" target="blank">2007</a></td>
<td><a href="https://www.onlinecontest.org/olcphp/2006/ausw_wertung.php?olc=olc-i&amp;spr=de&amp;ein_name=9868" target="_blank">2006</a></td>
<td><a href="https://www.onlinecontest.org/olcphp/2005/ausw_wertung.php?olc=olc-i&amp;spr=de&amp;ein_name=9868" target="_blank">2005</a></td>
<td><a href="https://www.onlinecontest.org/olcphp/2004/ausw_wertung.php?olc=olc-i&amp;spr=de&amp;ein_name=9868" target="_blank">2004</a></td>
</tr>
<tr>
<td></td>
</tr>
<tr>
<td><em>Flugzeug:</em></td>
</tr>
<tr>
<td>ASW 20L (WM)</td>
<td>D-1270</td>
</tr>
</tbody>
</table>
<p>&nbsp;</p>
<dl>
<dt>Fliegerische Vorlieben, Stärken, Schwächen</dt>
<dd>Der Traum vom Fliegen wurde mir in die Wiege gelegt; durch meinen Vater, der am Flughafen in Riem Fluglotse und Inhaber einer CPL-Lizenz war, hatte ich zur Aviatik schon einen frühen Bezug. Oft saß ich in einer Cessna oder Piper und durfte das eine oder andere Mal auch selbst fliegen.</p>
<p>Zur Motorfliegerei habe ich aber nicht wirklich einen Bezug aufbauen können, da zu teuer, zu laut und es fehlte mir der <b><i>Sport</i></b> zum Flugsport als Sportpilot&#8230; 😉<br />
Naja, bei der Segelfliegerei ist der Sport auch dann schon vorbei wenn ich den Flieger an den F-Schlepp geschoben habe und mir zufrieden eine Butterbretzel in mein Grinsen rein stecke, aber es ist nicht laut!</p>
<p>Entspannung, die Natur fühlen, mit Ihr zu verschmelzen, die Gewalten erleben, 3D-Life einzuatmen, Tapetenwechsel, Kameradschaft, Technik, Selbstdisziplinierung, Teamwork, einmalige Momente, Romantik, Abenteuer, Freiheit, Wettkampf; diese Mischung aus alledem macht den Segelflugsport einmalig, darum fliege ich.<br />
Mir geht es nicht um km oder wie weit muss ich fliegen um am Abend glücklich zu sein, es geht mir dabei darum die Natur zu spüren und zu fühlen, ein Teil davon zu sein.<br />
Die Freunde am Platz zu treffen, Gleichgesinnte, Spaß zu haben und eine gute Zeit erleben &#8211; darum fliege ich.</p>
<p>Was die Strecken betrifft, habe ich keinen Ehrgeiz. Ich glaube nicht, dass wenn ich weiter fliege als bei dem Flug davor, dass ich dann glücklicher werde.<br />
Die geflogene Distanz ist für mich kein Gradmesser meiner inneren Befindlichkeit und hat keinen Zusammenhang über die Qualität des Fluges für mich.</p>
<p>Meine Schwächen: Im unbekannten Gelände wird meine Schnittgeschwindigkeit frustrierend klein, trotz MM-System. Und zu wenig Geduld wenn es mal knifflig wird.</dd>
</dl>
<dl>
<dt>Schönster Flug:</dt>
<dd>2006 bin ich an einem Freitagmittag nach Unterwössen gekommen, da am Samstag gutes Flugwetter vorausgesagt wurde, es regnete als ich ankam&#8230;<br />
Bin aber doch zum Platz und die ersten blauen Löcher zeigten sich am Himmel, da ich nichts Besseres zu tun hatte machte ich einen Discus klar und stellte mich an die Winde.<br />
Als ich dann ausgeklinkt hatte zeigte sich eine kleine Kondenz direkt über Oberwössen und ich bin hingeflogen.<br />
Tatsächlich konnte ich einsteigen und gewann an Höhe die dann bis zum Rechenberg gereicht hatte. Dort angekommen hatte ich wieder einen kleinen Bart gefunden der mich auf eine Höhe brachte die dann weiter zur Hörndlwand, Gurnwandkopf und Steinplatte gereicht hatte.<br />
Es ging dann so weiter, Ulrichshorn, südlich am Wilden Kaiser vorbei, Inntalquerung zum Pendling  und dann über dem Zahmen Kaiser wieder nach Unterwössen.<br />
Ich kam am Flugplatz an, der Flugbetrieb war eingestellt worden da wieder ein Schauer abgegangen war. Nach meiner Landung fragte mich Jörg verwundert wo ich gewesen sei,<br />
sie hätten sich schon auf einen Rückholer eingestellt, da Sie nicht mehr glaubten dass ich noch flog.<br />
Der Flug blieb mir in Erinnerung da die Stimmungen die ich unterwegs erleben durfte sensationell waren. Da war das Wochenende schon perfekt.<br />
Leider hatte ich keinen Logger an Bord, aber den Log im Kopf, den kann mir keiner nehmen 😉</dd>
</dl>
<dl>
<dt>Nächstes Vorhaben bzw. Ziel:</dt>
<dd>Meine nächsten Ziele liegen im Westen Richtung Schweiz und einen Wandersegelflug wieder einmal zu machen.</dd>
</dl>

<p>Geb. 1966, Wohnort: München E-Mail: gorkenant@paratdruck.de SPL seit: 2000 Kunstflugschein seit: 2004 Flugstunden: 900 h Größte Strecke: 693 km OLC-Flüge: 2015 2014 2013 2012 2011 2010 2009 2008 2007 2006 2005 2004 Flugzeug: ASW 20L (WM) D-1270 &nbsp; Fliegerische Vorlieben, Stärken, Schwächen Der Traum vom Fliegen wurde mir in die Wiege gelegt; durch meinen Vater, der &hellip; <a href="https://www.alpenflugzentrum.de/wordpress/?page_id=3193" class="more-link"><span class="screen-reader-text">Stefan Gorkenant</span> weiterlesen <span class="meta-nav">&rarr;</span></a></p>
