{"id":419,"date":"2011-11-29T18:54:54","date_gmt":"2011-11-29T17:54:54","guid":{"rendered":"http:\/\/ww2.alpenflugzentrum.de\/wordpress\/?page_id=419"},"modified":"2020-07-23T21:37:29","modified_gmt":"2020-07-23T19:37:29","slug":"magazin","status":"publish","type":"page","link":"https:\/\/www.alpenflugzentrum.de\/wordpress\/?page_id=419","title":{"rendered":"Streckenflug"},"content":{"rendered":"<p>Hier gibt es:<\/p>\n<ul>\n<li><a href=\"#nachmittage\">Materialien zu den Streckenflugnachmittagen<\/a><\/li>\n<li><a href=\"#artikel\">Artikel zum Streckenfliegen<\/a><\/li>\n<li><a href=\"#flugberichte\">Flugberichte<\/a><\/li>\n<p>&#8230;und anderes Wissenswerte rund ums Gebirgs- und Streckenfliegen. Die Seite wird laufend erweitert, es lohnt sich also, gelegentlich mal vorbeizuschauen.<\/p>\n<p>Und nat\u00fcrlich auch den<\/p>\n<p><strong><\/strong><\/p>\n<p><strong><br \/>\n<\/strong><\/p>\n<li><strong><a href=\"http:\/\/mail.joensware.de\/mailman\/listinfo\/foehn\">Link zum F\u00f6hnverteiler<\/a><\/strong>F\u00fcr alle am F\u00f6hnflug Interessierten tauschen wir uns aus \u00fcber diesen Mail-Verteiler \u00fcber anstehende F\u00f6hnlagen aus, nicht nur f\u00fcr AFZ-Mitglieder!<br \/>\n<hr>\n<p><em><strong><a name=\"nachmittage\"><\/a>Materialien zu den Streckenflugnachmittagen<\/strong><\/em><\/p>\n<p><a href=\"https:\/\/www.alpenflugzentrum.de\/wordpress\/wp-content\/uploads\/2017\/02\/DASSU_Handout_20170211.pdf\"><strong>11.02.2017:  FLARM &#8211; Pr\u00e4sentation<\/strong><\/a><br \/>\nDer Vortrag von Andrea Schlapbach zum Thema FLARM zum Download- Achtung &#8211; 8 MB gro\u00df!<\/p>\n<p><strong>2.3.2013: Kreisen oder Delfinieren<br \/>\n<\/strong>&#8211; <a href=\"http:\/\/www.pa.op.dlr.de\/ostiv\/Activities\/2008WGC_Liechti1.pdf\" target=\"_blank\" rel=\"noopener noreferrer\">Vortrag von Olivier Liechti<br \/>\n<\/a>&#8211;&nbsp;<a href=\"http:\/\/mail.joensware.de\/pipermail\/afz\/2013-March\/000484.html\" target=\"_blank\" rel=\"noopener noreferrer\">Diskussion auf der AFZ-Mailingliste<\/a><\/p>\n<p><strong>26.11.2011: Fl\u00fcge nach Osten \u2013 Routen, Ziele, Schl\u00fcsselstellen<\/strong><br \/>\n&#8211; <a href=\"https:\/\/www.alpenflugzentrum.de\/wordpress\/wp-content\/uploads\/2011\/11\/Streckennachmittag_26112011.pdf\">Pr\u00e4sentation<\/a> von Roland<br \/>\n&#8211; Links zu den besprochenen Beispielfl\u00fcgen von <a href=\"https:\/\/www.onlinecontest.org\/olc-2.0\/gliding\/flightinfo.html?dsId=388393\" target=\"_blank\" rel=\"noopener noreferrer\">Wolfgang<\/a>, <a href=\"https:\/\/www.onlinecontest.org\/olc-2.0\/gliding\/flightinfo.html?dsId=387747\" target=\"_blank\" rel=\"noopener noreferrer\">Kurt<\/a>, <a href=\"https:\/\/www.onlinecontest.org\/olc-2.0\/gliding\/flightinfo.html?dsId=387860\" target=\"_blank\" rel=\"noopener noreferrer\">Roland<\/a> und <a href=\"https:\/\/www.onlinecontest.org\/olc-2.0\/gliding\/flightinfo.html?dsId=387184\" target=\"_blank\" rel=\"noopener noreferrer\">Jan<\/a><br \/>\n&#8211; Fotos von <a href=\"https:\/\/www.flickr.com\/photos\/11097435@N07\/2429529136\/\" target=\"_blank\" rel=\"noopener noreferrer\">Roland<\/a> und <a href=\"https:\/\/www.flickr.com\/photos\/23318529@N08\/tags\/20042008\/show\/\" target=\"_blank\" rel=\"noopener noreferrer\">Jan<\/a><\/p>\n<p><strong>17.12.2011: Alternative Fluggebiete<\/strong><br \/>\n&#8211; <a href=\"http:\/\/dl.dropbox.com\/u\/30842759\/Jena%20und%20Zwickau.pdf\" target=\"blank\" rel=\"noopener noreferrer\">Jena und Zwickau<\/a> von Ute<br \/>\n&#8211; <a href=\"http:\/\/dl.dropbox.com\/u\/30842759\/Ambri.pdf\" target=\"blank\" rel=\"noopener noreferrer\">Segelfluglager Ambri (Tessin)<\/a> von Roland<br \/>\n&#8211; <a href=\"http:\/\/dl.dropbox.com\/u\/30842759\/Elverum.pdf\" target=\"blank\" rel=\"noopener noreferrer\">Elverum (Norwegen)<\/a> von Roland<br \/>\n&#8211; <a href=\"http:\/\/dl.dropbox.com\/u\/30842759\/Klix.pdf\" target=\"blank\" rel=\"noopener noreferrer\">Klix<\/a> von Roland<\/p>\n<hr>\n<p><em><strong><a name=\"artikel\"><\/a>Artikel zum Streckenfliegen<\/strong><\/em><\/p>\n<p><a href=\"https:\/\/www.alpenflugzentrum.de\/wordpress\/wp-content\/uploads\/2015\/06\/Flachland_Unterwossen_AFZ_Homepage.pdf\"><strong>Auch von Unterw\u00f6ssen kann man ins Flachland fliegen!<\/strong><\/a><br \/>\nEin Artikel von Roland Henz<\/p>\n<p><strong><a href=\"https:\/\/www.alpenflugzentrum.de\/wordpress\/wp-content\/uploads\/2020\/07\/WindThermikAlpen.pdf\" target=\"_blank\" rel=\"noopener noreferrer\">Wind und Thermik in den Alpen<\/a> &#8211; oder: Der schnellste Weg nach Wien und zur\u00fcck in die Schweiz<\/strong> von Stefan Leutenegger. Wie nutzt man F\u00f6hnlagen und kombinierte Wind- und Thermik-Lagen optimal f\u00fcr extreme Langstrecken? Meteorologische Vorraussetzungen und taktische \u00dcberlegungen sowohl f\u00fcr Nordf\u00f6hn- wie f\u00fcr S\u00fcdf\u00f6hnlagen, und zahlreiche gute Tips.<\/p>\n<p><a href=\"https:\/\/www.alpenflugzentrum.de\/wordpress\/wp-content\/uploads\/2020\/07\/Einstieg-in-die-Windfliegerei.pdf\" target=\"_blank\" rel=\"noopener noreferrer\"><strong>Einstieg in die Windfliegerei<\/strong><\/a> von Jan Lyczywek. Der Einstieg ins F\u00f6hnfliegen mu\u00df nicht schwierig sein und schon gar nicht gef\u00e4hrlich. Wie kann man sich an das Thema herantasten? Worauf mu\u00df man achten?<\/p>\n<p><a title=\"Kontrollierter Luftraum und Umgang mit ATC\" href=\"https:\/\/www.alpenflugzentrum.de\/wordpress\/?page_id=497\" target=\"_blank\" rel=\"noopener noreferrer\"><strong>Kontrollierter Luftraum und Umgang mit ATC<\/strong><\/a> von Kurt T\u00f6pfer. Keine Angst vor der Funkerei! Kurt zeigt anhand realistischer Praxisbeispiele, wie &#8222;echter&#8220; Funk jenseits der starren BZF-Phraseologie funktioniert.<\/p>\n<p><a title=\"COSMO-Wellenprognosen\" href=\"wp-content\/uploads\/2015\/03\/Fluglehrerfortbildung.pdf\" target=\"_blank\" rel=\"noopener noreferrer\"><strong>Cosmo-Wellenprognosen<\/strong><\/a> PDF-Vortrag \u00fcber die Zuverl\u00e4ssigkeit und Anwendbarkeit der Cosmo-Wellenprognosen und den derzeitigen Stand des Wissens &#8211; von Jan Lyczywek.<\/p>\n<p>&nbsp;<\/p>\n<p><em><strong>Flugberichte<\/strong><\/em><em><strong><a name=\"flugberichte\"><\/a><\/strong><\/em><\/p>\n<p><strong><a title=\"Einmal Flachland bitte\" href=\"wp-content\/uploads\/2012\/11\/2-Einmal-Flachland-bitte.pdf\" target=\"_blank\" rel=\"noopener noreferrer\">Einmal Flachland bitte<\/a><\/strong> &#8211;&nbsp;Fliegerlager des Alpenflugzentrums in Klix vom 21. 7. bis 4. 8. 2012<\/p>\n<p><strong><a title=\"\u00dcber einen grandiosen Absaufer im Inntal\" href=\"https:\/\/www.alpenflugzentrum.de\/wordpress\/?page_id=507\" target=\"_blank\" rel=\"noopener noreferrer\">\u00dcber einen grandiosen Absaufer im Inntal<\/a><\/strong> von Markus M\u00fcller. Da\u00df auch der Flug davor in der Tat grandios war, verschweigt Markus bescheiden, aber zum Bericht ist die sehenswerte IGC-Datei verlinkt, die den Flugweg weitab der \u00fcblichen Routen bis zum Gardasee dokumentiert.<\/p>\n<p><strong><a title=\"Allg\u00e4uer Segelflugwoche 2010\" href=\"https:\/\/www.alpenflugzentrum.de\/wordpress\/?page_id=512\" target=\"_blank\" rel=\"noopener noreferrer\">Allg\u00e4uer Segelflugwoche 2010<\/a><\/strong> von Andreas Eiseler. Wer mit dem Gedanken spielt, zum ersten Mal an einem zentralen Wettbewerb im allgemeinen oder an der Allg\u00e4uer Segelflugwoche in F\u00fcssen im besonderen teilzunehmen, wird sich von Andreas&#8216; begeisterndem Bericht motivieren lassen!<\/p>\n<p><strong><a href=\"?page_id=1244\">Faszination Alpenstreckensegelflug<\/a><\/strong><br \/>\nvon Karl Werner Tiling. Karl fliegt sein erstes 500er und macht wundersch\u00f6ne Bilder dabei.<\/p>\n<p><strong><a href=\"?page_id=1207\">Die erste Au\u00dfenlandung<\/a><\/strong><br \/>\nvon Matthias Sch\u00fcndeh\u00fctte. Matthias besucht zum ersten Mal die K\u00fche\u2026 nein, Pferde!<\/p>\n<p><strong><a href=\"?page_id=1181\">Die ersten 600km<\/a><\/strong><br \/>\nvon Martin M\u00fcller. Martin M\u00fcller beschreibt sein erstes 600km-Dreieck.<\/p>\n<p><strong><a href=\"?page_id=1162\">Das Zell-Gerlos-Projekt<\/a><\/strong><br \/>\nvon Matthias Sch\u00fcndeh\u00fctte. Matthias auf seinem ersten Streckenflug&#8230;<\/p>\n<p><strong><a href=\"?page_id=1148\" target=\"_blank\" rel=\"noopener noreferrer\">Schon wieder in Trieben<\/a><\/strong>&nbsp;von Jan Lyczywek.&nbsp;Jan erkundet die Ostalpen im Tiefflug und landet&nbsp;<em>nicht<\/em>&nbsp;in Wiener Neustadt.<\/p>\n<div><\/div>\n<p><a href=\"https:\/\/www.alpenflugzentrum.de\/wordpress\/wp-content\/uploads\/2017\/02\/DASSU_Handout_20170211.pdf\">DASSU_Handout_20170211<\/a><\/li>\n<\/ul>\n","protected":false},"excerpt":{"rendered":"<p>Hier gibt es: Materialien zu den Streckenflugnachmittagen Artikel zum Streckenfliegen Flugberichte &#8230;und anderes Wissenswerte rund ums Gebirgs- und Streckenfliegen. Die Seite wird laufend erweitert, es lohnt sich also, gelegentlich mal vorbeizuschauen. Und nat\u00fcrlich auch den Link zum F\u00f6hnverteilerF\u00fcr alle am F\u00f6hnflug Interessierten tauschen wir uns aus \u00fcber diesen Mail-Verteiler \u00fcber anstehende F\u00f6hnlagen aus, nicht nur &hellip; <a href=\"https:\/\/www.alpenflugzentrum.de\/wordpress\/?page_id=419\" class=\"more-link\"><span class=\"screen-reader-text\">Streckenflug<\/span> weiterlesen <span class=\"meta-nav\">&rarr;<\/span><\/a><\/p>\n","protected":false},"author":7,"featured_media":0,"parent":0,"menu_order":0,"comment_status":"closed","ping_status":"closed","template":"","meta":{"footnotes":""},"class_list":["post-419","page","type-page","status-publish","hentry"],"_links":{"self":[{"href":"https:\/\/www.alpenflugzentrum.de\/wordpress\/index.php?rest_route=\/wp\/v2\/pages\/419","targetHints":{"allow":["GET"]}}],"collection":[{"href":"https:\/\/www.alpenflugzentrum.de\/wordpress\/index.php?rest_route=\/wp\/v2\/pages"}],"about":[{"href":"https:\/\/www.alpenflugzentrum.de\/wordpress\/index.php?rest_route=\/wp\/v2\/types\/page"}],"author":[{"embeddable":true,"href":"https:\/\/www.alpenflugzentrum.de\/wordpress\/index.php?rest_route=\/wp\/v2\/users\/7"}],"replies":[{"embeddable":true,"href":"https:\/\/www.alpenflugzentrum.de\/wordpress\/index.php?rest_route=%2Fwp%2Fv2%2Fcomments&post=419"}],"version-history":[{"count":63,"href":"https:\/\/www.alpenflugzentrum.de\/wordpress\/index.php?rest_route=\/wp\/v2\/pages\/419\/revisions"}],"predecessor-version":[{"id":5434,"href":"https:\/\/www.alpenflugzentrum.de\/wordpress\/index.php?rest_route=\/wp\/v2\/pages\/419\/revisions\/5434"}],"wp:attachment":[{"href":"https:\/\/www.alpenflugzentrum.de\/wordpress\/index.php?rest_route=%2Fwp%2Fv2%2Fmedia&parent=419"}],"curies":[{"name":"wp","href":"https:\/\/api.w.org\/{rel}","templated":true}]}}