{"id":589,"date":"2011-12-06T22:07:38","date_gmt":"2011-12-06T21:07:38","guid":{"rendered":"http:\/\/ww2.alpenflugzentrum.de\/wordpress\/?page_id=589"},"modified":"2019-04-14T19:04:15","modified_gmt":"2019-04-14T17:04:15","slug":"roland-henz","status":"publish","type":"page","link":"https:\/\/www.alpenflugzentrum.de\/wordpress\/?page_id=589","title":{"rendered":"Roland Henz"},"content":{"rendered":"<p><a href=\"https:\/\/www.alpenflugzentrum.de\/wordpress\/wp-content\/uploads\/2011\/12\/roland.png\"><img loading=\"lazy\" decoding=\"async\" class=\"alignleft size-full wp-image-587\" title=\"Roland Henz L\" src=\"https:\/\/www.alpenflugzentrum.de\/wordpress\/wp-content\/uploads\/2011\/12\/roland.png\" alt=\"\" width=\"150\" height=\"150\" \/><\/a><\/p>\n<p style=\"margin-top: 120px;\">Geb. 1965, Wohnort: Kernen<br \/>\nE-Mail: dg600 [at] t-online [dot] de<\/p>\n<table class=\"afz\">\n<tbody>\n<tr>\n<td><em>PPL C seit:<\/em><\/td>\n<td>1983<\/td>\n<\/tr>\n<tr>\n<td><em>Flugstunden:<\/em><\/td>\n<td>&gt;6000 h, ~8000 Starts<\/td>\n<\/tr>\n<tr>\n<td><em>Gr\u00f6\u00dfte Strecke:<\/em><\/td>\n<td><a href=\"https:\/\/www.onlinecontest.org\/olc-3.0\/gliding\/flightinfo.html?dsId=7049979\" target=\"_blank\" rel=\"noopener noreferrer\">1004\u00a0<\/a><a href=\"https:\/\/www.onlinecontest.org\/olc-3.0\/gliding\/flightinfo.html?dsId=6534659\" target=\"_blank\" rel=\"noopener noreferrer\"> km<\/a><\/td>\n<\/tr>\n<tr>\n<td><\/td>\n<td><a href=\"https:\/\/www.onlinecontest.org\/olc-3.0\/gliding\/flightinfo.html?dsId=6534659\" target=\"_blank\" rel=\"noopener noreferrer\">911 km (FAI)<\/a><\/td>\n<\/tr>\n<tr>\n<td><em>OLC-Fl\u00fcge:<\/em><\/td>\n<td><a href=\"https:\/\/www.onlinecontest.org\/olc-2.0\/gliding\/getScoring.html?scoringId=200&amp;pilotId=5163&amp;scoringPeriod=2018\" target=\"_blank\" rel=\"noopener noreferrer\">2018<\/a><\/td>\n<td><a href=\"https:\/\/www.onlinecontest.org\/olc-2.0\/gliding\/getScoring.html?scoringId=200&amp;pilotId=5163&amp;scoringPeriod=2017\" target=\"_blank\" rel=\"noopener noreferrer\">2017<\/a><\/td>\n<td><a href=\"https:\/\/www.onlinecontest.org\/olc-2.0\/gliding\/getScoring.html?scoringId=200&amp;pilotId=5163&amp;scoringPeriod=2016\" target=\"_blank\" rel=\"noopener noreferrer\">2016<\/a><\/td>\n<td><a href=\"https:\/\/www.onlinecontest.org\/olc-2.0\/gliding\/getScoring.html?scoringId=200&amp;pilotId=5163&amp;scoringPeriod=2015\" target=\"_blank\" rel=\"noopener noreferrer\">2015<\/a><\/td>\n<td><a href=\"https:\/\/www.onlinecontest.org\/olc-2.0\/gliding\/getScoring.html?scoringId=200&amp;pilotId=5163&amp;scoringPeriod=2014\" target=\"_blank\" rel=\"noopener noreferrer\">2014<\/a><\/td>\n<td><a href=\"https:\/\/www.onlinecontest.org\/olc-2.0\/gliding\/getScoring.html?scoringId=200&amp;pilotId=5163&amp;scoringPeriod=2013\" target=\"_blank\" rel=\"noopener noreferrer\">2013<\/a><\/td>\n<td><a href=\"https:\/\/www.onlinecontest.org\/olc-2.0\/gliding\/getScoring.html?scoringId=200&amp;pilotId=5163&amp;scoringPeriod=2012\" target=\"_blank\" rel=\"noopener noreferrer\">2012<\/a><\/td>\n<td><a href=\"https:\/\/www.onlinecontest.org\/olc-2.0\/gliding\/getScoring.html?scoringId=200&amp;pilotId=5163&amp;scoringPeriod=2011\" target=\"_blank\" rel=\"noopener noreferrer\">2011<\/a><\/td>\n<td><a href=\"https:\/\/www.onlinecontest.org\/olc-2.0\/gliding\/getScoring.html?scoringId=200&amp;pilotId=5163&amp;scoringPeriod=2010\" target=\"_blank\" rel=\"noopener noreferrer\">2010<\/a><\/td>\n<\/tr>\n<tr>\n<td><\/td>\n<td><a href=\"https:\/\/www.onlinecontest.org\/olc-2.0\/gliding\/getScoring.html?scoringId=200&amp;pilotId=5163&amp;scoringPeriod=2009\" target=\"_blank\" rel=\"noopener noreferrer\">2009<\/a><\/td>\n<td><a href=\"https:\/\/www.onlinecontest.org\/olc-2.0\/gliding\/getScoring.html?scoringId=200&amp;pilotId=5163&amp;scoringPeriod=2008\" target=\"_blank\" rel=\"noopener noreferrer\">2008<\/a><\/td>\n<td><a href=\"https:\/\/www.onlinecontest.org\/olc-2.0\/gliding\/getScoring.html?scoringId=200&amp;pilotId=5163&amp;scoringPeriod=2007\" target=\"_blank\" rel=\"noopener noreferrer\">2007<\/a><\/td>\n<td><a href=\"https:\/\/www.onlinecontest.org\/olcphp\/2006\/ausw_wertung.php?olc=olc-i&amp;spr=de&amp;ein_name=5163\" target=\"_blank\" rel=\"noopener noreferrer\">2006<\/a><\/td>\n<td><a href=\"https:\/\/www.onlinecontest.org\/olcphp\/2005\/ausw_wertung.php?olc=olc-i&amp;spr=de&amp;ein_name=5163\" target=\"_blank\" rel=\"noopener noreferrer\">2005<\/a><\/td>\n<td><a href=\"https:\/\/www.onlinecontest.org\/olcphp\/2004\/ausw_wertung.php?olc=olc-i&amp;spr=de&amp;ein_name=5163\" target=\"_blank\" rel=\"noopener noreferrer\">2004<\/a><\/td>\n<td><a href=\"https:\/\/www.onlinecontest.org\/olcphp\/2003\/ausw_wertung.php?olc=olc-i&amp;spr=de&amp;ein_name=5163\" target=\"_blank\" rel=\"noopener noreferrer\">2003<\/a><\/td>\n<\/tr>\n<tr>\n<td><\/td>\n<\/tr>\n<tr>\n<td><em>Flugzeug(e):<\/em><\/td>\n<\/tr>\n<tr>\n<td>2000 bis 2004: Mosquito (S9)<\/td>\n<td>D-3298<\/td>\n<\/tr>\n<tr>\n<td>2005 &#8211; 2015: DG 600\/18 (22)<\/td>\n<td>D-9022<\/td>\n<\/tr>\n<tr>\n<td>jetzt: Ventus 2cxT (T3)<\/td>\n<td>D-KKGB<\/td>\n<\/tr>\n<tr>\n<td><\/td>\n<\/tr>\n<tr>\n<td><a href=\"http:\/\/share.findmespot.com\/shared\/gogl.jsp?glId=0fY80qvapq7EzYO8Uh7uSylf4cgN5SJWS\" target=\"_blank\" rel=\"noopener noreferrer\">SPOT-Link<\/a><\/td>\n<\/tr>\n<\/tbody>\n<\/table>\n<dl>\n<dt>Fliegerische Vorlieben, St\u00e4rken, Schw\u00e4chen<\/dt>\n<dd>Am liebsten entdecke ich f\u00fcr mich immer wieder fliegerisches Neuland, sei es neue Landschaften oder bekannte bei schwierigem Wetter. Ich genie\u00dfe dabei vor allem die Natur, die uns Segelflieger doch manchen privilegierten Einblick gestattet. St\u00e4rken sind mein Durchhalteverm\u00f6gen und ein gutes Nervenkost\u00fcm, Schw\u00e4chen die gelegentliche Ungeduld und manchmal das Fliegen zu vieler Umwege.<\/dd>\n<dt>Sch\u00f6nster Flug:<\/dt>\n<dd>Gar nicht so einfach zu sagen, jeder Flug ist schlie\u00dflich sch\u00f6n! Einer ist mir aber ganz besonders in Erinnerung &#8211; in 2003 hatte ich das Gl\u00fcck, im Rheintal mit fast 100 St\u00f6rchen in einem Aufwind kreisen zu k\u00f6nnen. Ein anderer H\u00f6hepunkt war ein Flug abends im Sonnenuntergang \u00fcber Barcelonnette als einziges Flugzeug allein in der Welle in 6000 m. Aber ich genie\u00dfe auch eine Patzrunde im Sp\u00e4therbst, wenn die D\u00e4mmerung hereinbricht. Ich glaube da\u00df die Fliegerei so viele sch\u00f6ne Erlebnisse bietet, da\u00df man da gar nicht werten kann!<\/dd>\n<dt>N\u00e4chstes Vorhaben\/Ziel:<\/dt>\n<dd>Schneller, H\u00f6her, Weiter&#8230;.<\/dd>\n<\/dl>\n","protected":false},"excerpt":{"rendered":"<p>Geb. 1965, Wohnort: Kernen E-Mail: dg600 [at] t-online [dot] de PPL C seit: 1983 Flugstunden: &gt;6000 h, ~8000 Starts Gr\u00f6\u00dfte Strecke: 1004\u00a0 km 911 km (FAI) OLC-Fl\u00fcge: 2018 2017 2016 2015 2014 2013 2012 2011 2010 2009 2008 2007 2006 2005 2004 2003 Flugzeug(e): 2000 bis 2004: Mosquito (S9) D-3298 2005 &#8211; 2015: DG 600\/18 &hellip; <a href=\"https:\/\/www.alpenflugzentrum.de\/wordpress\/?page_id=589\" class=\"more-link\"><span class=\"screen-reader-text\">Roland Henz<\/span> weiterlesen <span class=\"meta-nav\">&rarr;<\/span><\/a><\/p>\n","protected":false},"author":5,"featured_media":587,"parent":0,"menu_order":0,"comment_status":"open","ping_status":"closed","template":"","meta":{"footnotes":""},"class_list":["post-589","page","type-page","status-publish","has-post-thumbnail","hentry"],"_links":{"self":[{"href":"https:\/\/www.alpenflugzentrum.de\/wordpress\/index.php?rest_route=\/wp\/v2\/pages\/589","targetHints":{"allow":["GET"]}}],"collection":[{"href":"https:\/\/www.alpenflugzentrum.de\/wordpress\/index.php?rest_route=\/wp\/v2\/pages"}],"about":[{"href":"https:\/\/www.alpenflugzentrum.de\/wordpress\/index.php?rest_route=\/wp\/v2\/types\/page"}],"author":[{"embeddable":true,"href":"https:\/\/www.alpenflugzentrum.de\/wordpress\/index.php?rest_route=\/wp\/v2\/users\/5"}],"replies":[{"embeddable":true,"href":"https:\/\/www.alpenflugzentrum.de\/wordpress\/index.php?rest_route=%2Fwp%2Fv2%2Fcomments&post=589"}],"version-history":[{"count":28,"href":"https:\/\/www.alpenflugzentrum.de\/wordpress\/index.php?rest_route=\/wp\/v2\/pages\/589\/revisions"}],"predecessor-version":[{"id":4677,"href":"https:\/\/www.alpenflugzentrum.de\/wordpress\/index.php?rest_route=\/wp\/v2\/pages\/589\/revisions\/4677"}],"wp:featuredmedia":[{"embeddable":true,"href":"https:\/\/www.alpenflugzentrum.de\/wordpress\/index.php?rest_route=\/wp\/v2\/media\/587"}],"wp:attachment":[{"href":"https:\/\/www.alpenflugzentrum.de\/wordpress\/index.php?rest_route=%2Fwp%2Fv2%2Fmedia&parent=589"}],"curies":[{"name":"wp","href":"https:\/\/api.w.org\/{rel}","templated":true}]}}