{"id":66,"date":"2011-11-17T21:59:54","date_gmt":"2011-11-17T20:59:54","guid":{"rendered":"http:\/\/ww2.alpenflugzentrum.de\/wordpress\/?page_id=66"},"modified":"2024-03-12T00:21:59","modified_gmt":"2024-03-11T23:21:59","slug":"afz-details","status":"publish","type":"page","link":"https:\/\/www.alpenflugzentrum.de\/wordpress\/?page_id=66","title":{"rendered":"Unser Verein: Alpenflugzentrum Unterw\u00f6ssen e.V."},"content":{"rendered":"<p><a name=\"top\"><\/a><\/p>\n<ul>\n<li><a href=\"#werwirsind\">Wer wir sind<\/a><\/li>\n<li><a href=\"#vorstand\">Vorstand<\/a><\/li>\n<li><a href=\"#beitraege\">Beitr\u00e4ge<\/a><\/li>\n<li><a href=\"#adresse\">Adresse<\/a><\/li>\n<li><a href=\"#bankverbindung\">Bankverbindung<\/a><\/li>\n<li><a href=\"https:\/\/www.alpenflugzentrum.de\/wordpress\/wp-content\/uploads\/2011\/11\/AFZU_Satzung.pdf\" target=\"_blank\" rel=\"noopener noreferrer\">Satzung<\/a><\/li>\n<li><a href=\"https:\/\/www.alpenflugzentrum.de\/wordpress\/wp-content\/uploads\/2019\/12\/Aufnahmeantrag_2024_AFZ.pdf\" target=\"_blank\" rel=\"noopener noreferrer\">Aufnahmeantrag<\/a><\/li>\n<li><a href=\"https:\/\/www.alpenflugzentrum.de\/wordpress\/?page_id=152\">Intern<\/a><\/li>\n<\/ul>\n<hr \/>\n<p><strong><a name=\"werwirsind\"><\/a>Wer wir sind<\/strong><br \/>\nDas Alpenflugzentrum Unterw\u00f6ssen e.V. ist der Verein der am Segelflugplatz Unterw\u00f6ssen beheimateten Pilotinnen und Piloten. Durch die bevorzugte Lage am Nordrand der Alpen ist Unterw\u00f6ssen eine hervorragende Basis f\u00fcr gro\u00dfe Streckenfl\u00fcge in den Alpen. Dies erm\u00f6glichte dem Verein in den letzten Jahren, die weltweit meisten OLC-Punkte zu erfliegen. Auch in der DMSt geh\u00f6rt das Alpenflugzentrum zu den Vereinen mit den meisten Streckenflugkilometern &#8211; ein Verdienst nicht zuletzt auch der Deutschen Alpensegelflugschule Unterw\u00f6ssen (DASSU), die den Platz in der Saison durchg\u00e4ngig 7 Tage die Woche betreibt. Das Alpenflugzentrum ist Mitglied im Luftsportverband Bayern sowie im Bayerischen Landessportverband.<\/p>\n<hr \/>\n<p><a name=\"vorstand\"><\/a>Vorstand<\/p>\n<table class=\"afz\" style=\"font-size: 14px;\" width=\"640\">\n<tbody>\n<tr>\n<td>1. Vorsitzender:<\/td>\n<td>Jan Lyczywek<\/td>\n<td>(vorstand &lt;at&gt; alpenflugzentrum.de)<\/td>\n<\/tr>\n<tr>\n<td>2. Vorsitzender:<\/td>\n<td>Ute Baranowski<\/td>\n<td>(vorstand &lt;at&gt; alpenflugzentrum.de)<\/td>\n<\/tr>\n<tr>\n<td>Kassenwart:<\/td>\n<td>Ulrich Frie\u00df<\/td>\n<td>(kassier &lt;at&gt; alpenflugzentrum.de)<\/td>\n<\/tr>\n<tr>\n<td>Kassenpr\u00fcfer:<\/td>\n<td>Anneliese Hagl<\/td>\n<td>(kpruefer &lt;at&gt; alpenflugzentrum.de)<\/td>\n<\/tr>\n<tr>\n<td>Schriftf\u00fchrer:<\/td>\n<td>Matthias Sch\u00fcndeh\u00fctte<\/td>\n<td>(msch &lt;at&gt; alpenflugzentrum.de)<\/td>\n<\/tr>\n<\/tbody>\n<\/table>\n<hr \/>\n<p><strong><a name=\"beitraege\"><\/a>Beitr\u00e4ge<\/strong><br \/>\nErstmitglieder zahlen per Einzugserm\u00e4chtigung 50 Euro Jahresbeitrag sowie die Beitr\u00e4ge f\u00fcr LVB und DAeC in H\u00f6he von 90,30 Euro.<br \/>\nErstmitglieder des Alpenflugzentrums, die eine Zweitmitgliedschaft in einem der Domizilvereine haben, zahlen per Einzugserm\u00e4chtigung 50 Euro Jahresbeitrag an das Alpenflugzentrum. Die LVB- und DAeC-Beitr\u00e4ge werden dann mit dem Domizilverein verrechnet.<\/p>\n<hr \/>\n<p><strong><a name=\"adresse\"><\/a>Adresse<\/strong><br \/>\nWindseestra\u00dfe 45<br \/>\nD-83246 Unterw\u00f6ssen<\/p>\n<hr \/>\n<p><strong><a name=\"bankverbindung\"><\/a>Bankverbindung<\/strong><br \/>\nAufgrund einer Reihe von Betr\u00fcgereien wurde die Bankverbindung in den <a href=\"?page_id=152\">Internen Bereich<\/a> verschoben. F\u00fcr Ausk\u00fcnfte wenden Sie sich bitte an vorstand@alpenflugzentrum.de<\/p>\n<hr \/>\n","protected":false},"excerpt":{"rendered":"<p>Wer wir sind Vorstand Beitr\u00e4ge Adresse Bankverbindung Satzung Aufnahmeantrag Intern Wer wir sind Das Alpenflugzentrum Unterw\u00f6ssen e.V. ist der Verein der am Segelflugplatz Unterw\u00f6ssen beheimateten Pilotinnen und Piloten. Durch die bevorzugte Lage am Nordrand der Alpen ist Unterw\u00f6ssen eine hervorragende Basis f\u00fcr gro\u00dfe Streckenfl\u00fcge in den Alpen. Dies erm\u00f6glichte dem Verein in den letzten Jahren, &hellip; <a href=\"https:\/\/www.alpenflugzentrum.de\/wordpress\/?page_id=66\" class=\"more-link\"><span class=\"screen-reader-text\">Unser Verein: Alpenflugzentrum Unterw\u00f6ssen e.V.<\/span> weiterlesen <span class=\"meta-nav\">&rarr;<\/span><\/a><\/p>\n","protected":false},"author":5,"featured_media":0,"parent":0,"menu_order":0,"comment_status":"closed","ping_status":"closed","template":"","meta":{"footnotes":""},"class_list":["post-66","page","type-page","status-publish","hentry"],"_links":{"self":[{"href":"https:\/\/www.alpenflugzentrum.de\/wordpress\/index.php?rest_route=\/wp\/v2\/pages\/66","targetHints":{"allow":["GET"]}}],"collection":[{"href":"https:\/\/www.alpenflugzentrum.de\/wordpress\/index.php?rest_route=\/wp\/v2\/pages"}],"about":[{"href":"https:\/\/www.alpenflugzentrum.de\/wordpress\/index.php?rest_route=\/wp\/v2\/types\/page"}],"author":[{"embeddable":true,"href":"https:\/\/www.alpenflugzentrum.de\/wordpress\/index.php?rest_route=\/wp\/v2\/users\/5"}],"replies":[{"embeddable":true,"href":"https:\/\/www.alpenflugzentrum.de\/wordpress\/index.php?rest_route=%2Fwp%2Fv2%2Fcomments&post=66"}],"version-history":[{"count":79,"href":"https:\/\/www.alpenflugzentrum.de\/wordpress\/index.php?rest_route=\/wp\/v2\/pages\/66\/revisions"}],"predecessor-version":[{"id":7146,"href":"https:\/\/www.alpenflugzentrum.de\/wordpress\/index.php?rest_route=\/wp\/v2\/pages\/66\/revisions\/7146"}],"wp:attachment":[{"href":"https:\/\/www.alpenflugzentrum.de\/wordpress\/index.php?rest_route=%2Fwp%2Fv2%2Fmedia&parent=66"}],"curies":[{"name":"wp","href":"https:\/\/api.w.org\/{rel}","templated":true}]}}